{"id":19,"date":"2012-11-06T19:53:27","date_gmt":"2012-11-06T17:53:27","guid":{"rendered":"http:\/\/localhost:8888\/wachsmuth\/?page_id=19"},"modified":"2016-11-06T19:21:30","modified_gmt":"2016-11-06T18:21:30","slug":"kontakt-und-anfahrt","status":"publish","type":"page","link":"https:\/\/www.drwachsmuth.com\/index.php\/kontakt-und-anfahrt\/","title":{"rendered":"Kontakt und Anfahrt"},"content":{"rendered":"<img decoding=\"async\" loading=\"lazy\" width=\"570\" height=\"197\" class=\"alignnone size-full wp-image-100\" title=\"rueckrufservice_002\" src=\"\/wp-content\/uploads\/2012\/11\/rueckrufservice_002.jpg\" alt=\"Kontakt\" srcset=\"https:\/\/www.drwachsmuth.com\/wp-content\/uploads\/2012\/11\/rueckrufservice_002.jpg 570w, https:\/\/www.drwachsmuth.com\/wp-content\/uploads\/2012\/11\/rueckrufservice_002-300x103.jpg 300w, https:\/\/www.drwachsmuth.com\/wp-content\/uploads\/2012\/11\/rueckrufservice_002-434x150.jpg 434w\" sizes=\"(max-width: 570px) 100vw, 570px\" \/>\n<p class=\"lead\">&nbsp;<\/p>\n<p>Wir sind gerne pers\u00f6nlich, telefonisch oder per eMail f\u00fcr sie erreichbar. Falls Ihre Angelegenheit sehr eilbed\u00fcrftig ist, lassen Sie uns dies bitte wissen.<\/p>\n<p>Sie erleichtern uns die Arbeit f\u00fcr eine schnelle Kontaktaufnahme, wenn Sie nachstehendes Formular ausf\u00fcllen und uns \u00fcbersenden. Bitte schildern Sie Ihre Anfrage in kurzen Worten und m\u00f6glichst pr\u00e4zise bzw. teilen Sie uns mit, ob Sie einen Erstberatungstermin w\u00fcnschen. Wir werden uns sodann umgehend an Sie wenden.<\/p>\n<p>&nbsp;<\/p>\n<div role=\"form\" class=\"wpcf7\" id=\"wpcf7-f71-o1\" lang=\"en-US\" dir=\"ltr\">\n<div class=\"screen-reader-response\"><\/div>\n<form action=\"\/index.php\/wp-json\/wp\/v2\/pages\/19#wpcf7-f71-o1\" method=\"post\" class=\"wpcf7-form\" novalidate=\"novalidate\">\n<div style=\"display: none;\">\n<input type=\"hidden\" name=\"_wpcf7\" value=\"71\" \/>\n<input type=\"hidden\" name=\"_wpcf7_version\" value=\"5.0.2\" \/>\n<input type=\"hidden\" name=\"_wpcf7_locale\" value=\"en_US\" \/>\n<input type=\"hidden\" name=\"_wpcf7_unit_tag\" value=\"wpcf7-f71-o1\" \/>\n<input type=\"hidden\" name=\"_wpcf7_container_post\" value=\"0\" \/>\n<\/div>\n<p>Name*<br \/>\n    <span class=\"wpcf7-form-control-wrap your-name\"><input type=\"text\" name=\"your-name\" value=\"\" size=\"40\" class=\"wpcf7-form-control wpcf7-text wpcf7-validates-as-required span6\" aria-required=\"true\" aria-invalid=\"false\" \/><\/span> <\/p>\n<p>Ihre Telefon-Nummer*<br \/>\n    <span class=\"wpcf7-form-control-wrap your-tel\"><input type=\"text\" name=\"your-tel\" value=\"\" size=\"40\" class=\"wpcf7-form-control wpcf7-text wpcf7-validates-as-required span6\" aria-required=\"true\" aria-invalid=\"false\" \/><\/span> <\/p>\n<p>Gew\u00fcnschter R\u00fcckruf-Termin (Uhrzeit, Datum)<br \/>\n    <span class=\"wpcf7-form-control-wrap your-time\"><input type=\"text\" name=\"your-time\" value=\"\" size=\"40\" class=\"wpcf7-form-control wpcf7-text span6\" aria-invalid=\"false\" \/><\/span> <\/p>\n<p>Worum geht es Ihnen?<br \/>\n    <span class=\"wpcf7-form-control-wrap your-message\"><textarea name=\"your-message\" cols=\"40\" rows=\"10\" class=\"wpcf7-form-control wpcf7-textarea span6\" aria-invalid=\"false\"><\/textarea><\/span> <\/p>\n<p><span class=\"wpcf7-form-control-wrap acceptance-689\"><span class=\"wpcf7-form-control wpcf7-acceptance\"><span class=\"wpcf7-list-item\"><label><input type=\"checkbox\" name=\"acceptance-689\" value=\"1\" aria-invalid=\"false\" \/><span class=\"wpcf7-list-item-label\">Ich bin einverstanden, dass meine Daten gem\u00e4\u00df der <a href=\"https:\/\/www.drwachsmuth.com\/index.php\/datenschutzerklaerung\/\" target=\"_blank\">Datenschutzerkl\u00e4rung<\/a> verarbeitet werden *<\/span><\/label><\/span><\/span><\/span><\/p>\n<p><input type=\"submit\" value=\"Absenden\" class=\"wpcf7-form-control wpcf7-submit btn\" \/><\/p>\n<div class=\"wpcf7-response-output wpcf7-display-none\"><\/div><\/form><\/div>\n<p>[&#8211;column&#8211;]<\/p>\n<img decoding=\"async\" loading=\"lazy\" width=\"570\" height=\"197\" class=\"alignnone size-full wp-image-99\" title=\"anfahrt_001\" src=\"\/wp-content\/uploads\/2012\/11\/anfahrt_001.jpg\" alt=\"Anfahrt\" srcset=\"https:\/\/www.drwachsmuth.com\/wp-content\/uploads\/2012\/11\/anfahrt_001.jpg 570w, https:\/\/www.drwachsmuth.com\/wp-content\/uploads\/2012\/11\/anfahrt_001-300x103.jpg 300w, https:\/\/www.drwachsmuth.com\/wp-content\/uploads\/2012\/11\/anfahrt_001-434x150.jpg 434w\" sizes=\"(max-width: 570px) 100vw, 570px\" \/>\n<p>&nbsp;<\/p>\n<p>Am Sch\u00e4ttlisberg 7<br \/>\n88662 \u00dcberlingen<\/p>\n<p>Telefon \u00a0+49 (0)7551 3010914<br \/>\nFax \u00a0+49 (0)7551 3010978<br \/>\nEmail \u00a0<a href=\"mailto:info@drwachsmuth.com\">info@drwachsmuth.com<\/a><\/p>\n<h3>B\u00fcrozeiten<\/h3>\n<p>Montag, Dienstag, Donnerstag und Freitag<br \/>\n08:30 Uhr \u2013 12:30 Uhr &#038; 14.00 Uhr \u2013 17.00 Uhr<\/p>\n<p>Mittwoch<br \/>\n08:30 Uhr \u2013 12:30 Uhr<\/p>\n<p>Gerne vereinbaren wir auch einen Termin au\u00dferhalb dieser B\u00fcrozeiten.<\/p>\n<p>Hier k\u00f6nnen Sie ihren individuellen Anfahrtsweg\u00a0<a href=\"http:\/\/goo.gl\/maps\/NBq1Y\" target=\"new\">auf GoogleMaps\u2122<\/a>\u00a0planen.<\/p>\n<p><iframe loading=\"lazy\" style=\"-webkit-border-radius: 5px; -moz-border-radius: 5px; border-radius: 5px;\" src=\"http:\/\/maps.google.de\/maps?daddr=Anwaltskanzlei+Dr.+Barbara+Wachsmuth+%26+Kollegen,+Am+Sch%C3%A4ttlisberg,+%C3%9Cberlingen&amp;hl=en&amp;ie=UTF8&amp;sll=47.749481,9.205856&amp;sspn=0.405817,1.056747&amp;geocode=FX782AId8LaLACEkVOGwOvp3zCm7ZEyHtV6aRzEkVOGwOvp3zA&amp;t=m&amp;mra=ls&amp;ll=47.749481,9.205856&amp;spn=0.405817,1.056747&amp;output=embed\" frameborder=\"0\" marginwidth=\"0\" marginheight=\"0\" scrolling=\"no\" width=\"100%\" height=\"405\"><\/iframe><\/p>\n","protected":false},"excerpt":{"rendered":"<p>&nbsp; Wir sind gerne pers\u00f6nlich, telefonisch oder per eMail f\u00fcr sie erreichbar. Falls Ihre Angelegenheit sehr eilbed\u00fcrftig ist, lassen Sie uns dies bitte wissen. Sie erleichtern uns die Arbeit f\u00fcr eine schnelle Kontaktaufnahme, wenn Sie nachstehendes Formular ausf\u00fcllen und uns \u00fcbersenden. Bitte schildern Sie Ihre Anfrage in kurzen Worten und m\u00f6glichst pr\u00e4zise bzw. teilen Sie&#8230;  <a href=\"https:\/\/www.drwachsmuth.com\/index.php\/kontakt-und-anfahrt\/\" class=\"more-link\" title=\"Read Kontakt und Anfahrt\">Read more &raquo;<\/a><\/p>\n","protected":false},"author":1,"featured_media":0,"parent":0,"menu_order":0,"comment_status":"open","ping_status":"open","template":"2spalten-layout.php","meta":{"_monsterinsights_skip_tracking":false,"_monsterinsights_sitenote_active":false,"_monsterinsights_sitenote_note":"","_monsterinsights_sitenote_category":0,"footnotes":""},"_links":{"self":[{"href":"https:\/\/www.drwachsmuth.com\/index.php\/wp-json\/wp\/v2\/pages\/19"}],"collection":[{"href":"https:\/\/www.drwachsmuth.com\/index.php\/wp-json\/wp\/v2\/pages"}],"about":[{"href":"https:\/\/www.drwachsmuth.com\/index.php\/wp-json\/wp\/v2\/types\/page"}],"author":[{"embeddable":true,"href":"https:\/\/www.drwachsmuth.com\/index.php\/wp-json\/wp\/v2\/users\/1"}],"replies":[{"embeddable":true,"href":"https:\/\/www.drwachsmuth.com\/index.php\/wp-json\/wp\/v2\/comments?post=19"}],"version-history":[{"count":24,"href":"https:\/\/www.drwachsmuth.com\/index.php\/wp-json\/wp\/v2\/pages\/19\/revisions"}],"predecessor-version":[{"id":421,"href":"https:\/\/www.drwachsmuth.com\/index.php\/wp-json\/wp\/v2\/pages\/19\/revisions\/421"}],"wp:attachment":[{"href":"https:\/\/www.drwachsmuth.com\/index.php\/wp-json\/wp\/v2\/media?parent=19"}],"curies":[{"name":"wp","href":"https:\/\/api.w.org\/{rel}","templated":true}]}}