{"id":67,"date":"2012-11-07T14:01:25","date_gmt":"2012-11-07T12:01:25","guid":{"rendered":"http:\/\/localhost:8888\/wachsmuth\/?page_id=67"},"modified":"2017-12-28T12:24:52","modified_gmt":"2017-12-28T11:24:52","slug":"wachsmuth-coll-ihre-kanzlei-am-bodensee-ueberlingen-rechtsanwalt-und-fachanwalt","status":"publish","type":"page","link":"https:\/\/www.drwachsmuth.com\/","title":{"rendered":"Wachsmuth &#038; Coll. | Ihre Kanzlei am Bodensee | \u00dcberlingen | Rechtsanwalt und Fachanwalt"},"content":{"rendered":"<h2>Ihre Kanzlei am Bodensee<\/h2>\n<p class=\"lead\">Unsere Kanzlei ist auf Baurecht, Immobilienrecht, Architektenrecht und Verwaltungsrecht spezialisiert. Zudem bieten wir Ihnen ein breites Spektrum als Kanzlei. Erfahren Sie mehr in der Rubrik <a href=\"http:\/\/www.drwachsmuth.com\/index.php\/rechtsgebiete\/\">Rechtsgebiete<\/a>. Wir sind Ihr Rechtsanwalt in \u00dcberlingen am Bodensee.<\/p>\n<p>Mit diesen <a href=\"http:\/\/www.drwachsmuth.com\/index.php\/rechtsgebiete\/\">Kernkompetenzen<\/a> begleiten und betreuen wir als Rechtsanw\u00e4lte Ihr Bauvorhaben oder Ihr Immobilienvorhaben baubegleitend von der Planung an. <\/p>\n<p>Seit 1994 begleiten wir als fachlich im \u00f6ffentlichen und privaten Bau- und Immobilienrecht spezialisierte Anwaltskanzlei private Bauherren, Immobilieneigent\u00fcmer, Architekten und Ingenieure sowie mittelst\u00e4ndische Unternehmen. <\/p>\n<p>Als <a href=\"http:\/\/www.drwachsmuth.com\/index.php\/kanzlei-team\/\">Rechtsanw\u00e4lte<\/a> garantieren wir eine z\u00fcgige, erfolgsorientierte Vertretung Ihrer Interessen. Wir beraten sowohl Auftragnehmer als auch Auftraggeber.<\/p>\n<p>Rechtsanwalt \/ Rechtsanw\u00e4lte \/ Fachanw\u00e4lte f\u00fcr die Region Bodensee. (\u00dcberlingen, Friedrichshafen, Konstanz, Singen, Stockach, Pfullendorf, Ravensburg, Lindau, Biberach)  <\/p>\n<hr \/>\n<img decoding=\"async\" loading=\"lazy\" width=\"570\" height=\"197\" class=\"alignnone size-full wp-image-73 rounded-img\" title=\"rueckrufservice_001\" src=\"\/wp-content\/uploads\/2012\/11\/rueckrufservice_001.jpg\" alt=\"\" srcset=\"https:\/\/www.drwachsmuth.com\/wp-content\/uploads\/2012\/11\/rueckrufservice_001.jpg 570w, https:\/\/www.drwachsmuth.com\/wp-content\/uploads\/2012\/11\/rueckrufservice_001-300x103.jpg 300w, https:\/\/www.drwachsmuth.com\/wp-content\/uploads\/2012\/11\/rueckrufservice_001-434x150.jpg 434w\" sizes=\"(max-width: 570px) 100vw, 570px\" \/>\n<p>&nbsp;<\/p>\n<p>Sie wollen zu einem Ihnen passenden Zeitpunkt vom <a href=\"http:\/\/www.drwachsmuth.com\/index.php\/kanzlei-team\/\">Rechtsanwalt<\/a> zur\u00fcckgerufen werden?<\/p>\n<p>Gerne beraten wir Sie auch pers\u00f6nlich. F\u00fcllen Sie einfach das Formular aus und einer unserer <a href=\"http:\/\/www.drwachsmuth.com\/index.php\/kanzlei-team\/\">Rechtsanw\u00e4lte \/ Rechtsanw\u00e4ltinnen<\/a> ruft Sie zu Ihrem gew\u00fcnschten Termin auf angegebener Telefonnummer kostenfrei zur\u00fcck.<br \/>\n<div role=\"form\" class=\"wpcf7\" id=\"wpcf7-f71-o1\" lang=\"en-US\" dir=\"ltr\">\n<div class=\"screen-reader-response\"><\/div>\n<form action=\"\/index.php\/wp-json\/wp\/v2\/pages\/67#wpcf7-f71-o1\" method=\"post\" class=\"wpcf7-form\" novalidate=\"novalidate\">\n<div style=\"display: none;\">\n<input type=\"hidden\" name=\"_wpcf7\" value=\"71\" \/>\n<input type=\"hidden\" name=\"_wpcf7_version\" value=\"5.0.2\" \/>\n<input type=\"hidden\" name=\"_wpcf7_locale\" value=\"en_US\" \/>\n<input type=\"hidden\" name=\"_wpcf7_unit_tag\" value=\"wpcf7-f71-o1\" \/>\n<input type=\"hidden\" name=\"_wpcf7_container_post\" value=\"0\" \/>\n<\/div>\n<p>Name*<br \/>\n    <span class=\"wpcf7-form-control-wrap your-name\"><input type=\"text\" name=\"your-name\" value=\"\" size=\"40\" class=\"wpcf7-form-control wpcf7-text wpcf7-validates-as-required span6\" aria-required=\"true\" aria-invalid=\"false\" \/><\/span> <\/p>\n<p>Ihre Telefon-Nummer*<br \/>\n    <span class=\"wpcf7-form-control-wrap your-tel\"><input type=\"text\" name=\"your-tel\" value=\"\" size=\"40\" class=\"wpcf7-form-control wpcf7-text wpcf7-validates-as-required span6\" aria-required=\"true\" aria-invalid=\"false\" \/><\/span> <\/p>\n<p>Gew\u00fcnschter R\u00fcckruf-Termin (Uhrzeit, Datum)<br \/>\n    <span class=\"wpcf7-form-control-wrap your-time\"><input type=\"text\" name=\"your-time\" value=\"\" size=\"40\" class=\"wpcf7-form-control wpcf7-text span6\" aria-invalid=\"false\" \/><\/span> <\/p>\n<p>Worum geht es Ihnen?<br \/>\n    <span class=\"wpcf7-form-control-wrap your-message\"><textarea name=\"your-message\" cols=\"40\" rows=\"10\" class=\"wpcf7-form-control wpcf7-textarea span6\" aria-invalid=\"false\"><\/textarea><\/span> <\/p>\n<p><span class=\"wpcf7-form-control-wrap acceptance-689\"><span class=\"wpcf7-form-control wpcf7-acceptance\"><span class=\"wpcf7-list-item\"><label><input type=\"checkbox\" name=\"acceptance-689\" value=\"1\" aria-invalid=\"false\" \/><span class=\"wpcf7-list-item-label\">Ich bin einverstanden, dass meine Daten gem\u00e4\u00df der <a href=\"https:\/\/www.drwachsmuth.com\/index.php\/datenschutzerklaerung\/\" target=\"_blank\">Datenschutzerkl\u00e4rung<\/a> verarbeitet werden *<\/span><\/label><\/span><\/span><\/span><\/p>\n<p><input type=\"submit\" value=\"Absenden\" class=\"wpcf7-form-control wpcf7-submit btn\" \/><\/p>\n<div class=\"wpcf7-response-output wpcf7-display-none\"><\/div><\/form><\/div><\/p>\n<p>&nbsp;<\/p>\n","protected":false},"excerpt":{"rendered":"<p>Ihre Kanzlei am Bodensee Unsere Kanzlei ist auf Baurecht, Immobilienrecht, Architektenrecht und Verwaltungsrecht spezialisiert. Zudem bieten wir Ihnen ein breites Spektrum als Kanzlei. Erfahren Sie mehr in der Rubrik Rechtsgebiete. Wir sind Ihr Rechtsanwalt in \u00dcberlingen am Bodensee. Mit diesen Kernkompetenzen begleiten und betreuen wir als Rechtsanw\u00e4lte Ihr Bauvorhaben oder Ihr Immobilienvorhaben baubegleitend von der&#8230;  <a href=\"https:\/\/www.drwachsmuth.com\/\" class=\"more-link\" title=\"Read Wachsmuth &#038; Coll. | Ihre Kanzlei am Bodensee | \u00dcberlingen | Rechtsanwalt und Fachanwalt\">Read more &raquo;<\/a><\/p>\n","protected":false},"author":1,"featured_media":0,"parent":0,"menu_order":0,"comment_status":"open","ping_status":"open","template":"homepage-layout.php","meta":{"_monsterinsights_skip_tracking":false,"_monsterinsights_sitenote_active":false,"_monsterinsights_sitenote_note":"","_monsterinsights_sitenote_category":0,"footnotes":""},"_links":{"self":[{"href":"https:\/\/www.drwachsmuth.com\/index.php\/wp-json\/wp\/v2\/pages\/67"}],"collection":[{"href":"https:\/\/www.drwachsmuth.com\/index.php\/wp-json\/wp\/v2\/pages"}],"about":[{"href":"https:\/\/www.drwachsmuth.com\/index.php\/wp-json\/wp\/v2\/types\/page"}],"author":[{"embeddable":true,"href":"https:\/\/www.drwachsmuth.com\/index.php\/wp-json\/wp\/v2\/users\/1"}],"replies":[{"embeddable":true,"href":"https:\/\/www.drwachsmuth.com\/index.php\/wp-json\/wp\/v2\/comments?post=67"}],"version-history":[{"count":31,"href":"https:\/\/www.drwachsmuth.com\/index.php\/wp-json\/wp\/v2\/pages\/67\/revisions"}],"predecessor-version":[{"id":506,"href":"https:\/\/www.drwachsmuth.com\/index.php\/wp-json\/wp\/v2\/pages\/67\/revisions\/506"}],"wp:attachment":[{"href":"https:\/\/www.drwachsmuth.com\/index.php\/wp-json\/wp\/v2\/media?parent=67"}],"curies":[{"name":"wp","href":"https:\/\/api.w.org\/{rel}","templated":true}]}}